{"id":886,"date":"2021-05-20T08:59:23","date_gmt":"2021-05-20T08:59:23","guid":{"rendered":"https:\/\/dienhoabinhthuan.com\/?post_type=product&#038;p=886"},"modified":"2021-05-20T09:02:25","modified_gmt":"2021-05-20T09:02:25","slug":"vo-cung-thuong-tiec","status":"publish","type":"product","link":"https:\/\/dienhoabinhthuan.com\/?product=vo-cung-thuong-tiec","title":{"rendered":"V\u00f4 C\u00f9ng Th\u01b0\u01a1ng Ti\u1ebfc"},"content":{"rendered":"<p>V\u00f4 C\u00f9ng Th\u01b0\u01a1ng Ti\u1ebfc<\/p>\n<p><img loading=\"lazy\" decoding=\"async\" class=\"alignnone size-medium wp-image-887\" src=\"http:\/\/dienhoabinhthuan.com\/wp-content\/uploads\/2021\/05\/1000-5-243x300.jpg\" alt=\"\" width=\"243\" height=\"300\" srcset=\"https:\/\/dienhoabinhthuan.com\/wp-content\/uploads\/2021\/05\/1000-5-243x300.jpg 243w, https:\/\/dienhoabinhthuan.com\/wp-content\/uploads\/2021\/05\/1000-5-510x629.jpg 510w, https:\/\/dienhoabinhthuan.com\/wp-content\/uploads\/2021\/05\/1000-5.jpg 527w\" sizes=\"auto, (max-width: 243px) 100vw, 243px\" \/><\/p>\n<div id=\"input_line_0\"><span id=\"input_part_0\" class=\"\" data-mention=\"K\u1ec7 hoa chia bu\u1ed3n- V\u00f4 c\u00f9ng th\u01b0\u01a1ng ti\u1ebfc ch\u1ea5t l\u01b0\u1ee3ng cao, b\u00e1n s\u1ec9 l\u1ebb K\u1ec7 hoa chia bu\u1ed3n- V\u00f4 c\u00f9ng th\u01b0\u01a1ng ti\u1ebfc tr\u00ean to\u00e0n qu\u1ed1c, ph\u00e2n ph\u1ed1i K\u1ec7 hoa chia bu\u1ed3n- K\u1ec7 hoa chia bu\u1ed3n- V\u00f4 c\u00f9ng th\u01b0\u01a1ng ti\u1ebfc ... Hoa chia bu\u1ed3n c\u00f3 \u00fd ngh\u0129a t\u1ecf l\u00f2ng ti\u1ebfc nu\u1ed1i, th\u01b0\u01a1ng t\u00e2m s\u00e2u s\u1eafc v\u1edbi ng\u01b0\u1eddi \u0111\u00e3 m\u1ea5t, mong mu\u1ed1n linh h\u1ed3n \u0111\u01b0\u1ee3c ngh\u1ec9 ...\">K\u1ec7 hoa chia bu\u1ed3n- V\u00f4 c\u00f9ng th\u01b0\u01a1ng ti\u1ebfc ch\u1ea5t l\u01b0\u1ee3ng cao, b\u00e1n s\u1ec9 l\u1ebb K\u1ec7 hoa chia bu\u1ed3n- V\u00f4 c\u00f9ng th\u01b0\u01a1ng ti\u1ebfc tr\u00ean to\u00e0n qu\u1ed1c, ph\u00e2n ph\u1ed1i K\u1ec7 hoa chia bu\u1ed3n- K\u1ec7 hoa chia bu\u1ed3n- V\u00f4 c\u00f9ng th\u01b0\u01a1ng ti\u1ebfc &#8230; Hoa chia bu\u1ed3n c\u00f3 \u00fd ngh\u0129a t\u1ecf l\u00f2ng ti\u1ebfc nu\u1ed1i, th\u01b0\u01a1ng t\u00e2m s\u00e2u s\u1eafc v\u1edbi ng\u01b0\u1eddi \u0111\u00e3 m\u1ea5t, mong mu\u1ed1n linh h\u1ed3n \u0111\u01b0\u1ee3c ngh\u1ec9 &#8230;<\/span><\/div>\n<div id=\"input_line_1\"><\/div>\n","protected":false},"excerpt":{"rendered":"<p>V\u00f4 C\u00f9ng Th\u01b0\u01a1ng Ti\u1ebfc K\u1ec7 hoa chia bu\u1ed3n- V\u00f4 c\u00f9ng th\u01b0\u01a1ng ti\u1ebfc ch\u1ea5t l\u01b0\u1ee3ng cao, b\u00e1n s\u1ec9 l\u1ebb K\u1ec7 hoa chia bu\u1ed3n- V\u00f4 c\u00f9ng th\u01b0\u01a1ng ti\u1ebfc tr\u00ean to\u00e0n qu\u1ed1c, ph\u00e2n ph\u1ed1i K\u1ec7 hoa chia bu\u1ed3n- K\u1ec7 hoa chia bu\u1ed3n- V\u00f4 c\u00f9ng th\u01b0\u01a1ng ti\u1ebfc &#8230; Hoa chia bu\u1ed3n c\u00f3 \u00fd ngh\u0129a t\u1ecf l\u00f2ng ti\u1ebfc nu\u1ed1i, th\u01b0\u01a1ng &#8230;<\/p>\n","protected":false},"featured_media":887,"comment_status":"open","ping_status":"closed","template":"","meta":{"_bbp_topic_count":0,"_bbp_reply_count":0,"_bbp_total_topic_count":0,"_bbp_total_reply_count":0,"_bbp_voice_count":0,"_bbp_anonymous_reply_count":0,"_bbp_topic_count_hidden":0,"_bbp_reply_count_hidden":0,"_bbp_forum_subforum_count":0},"product_brand":[],"product_cat":[251],"product_tag":[270,254,256],"class_list":{"0":"post-886","1":"product","2":"type-product","3":"status-publish","4":"has-post-thumbnail","6":"product_cat-hoa-chia-buon","7":"product_tag-dich-vu-hoa-tuoi-giao-hoa-tan-noi","8":"product_tag-gio-hoa-chuc-mung","9":"product_tag-hoa-chuc-mung-sep","11":"first","12":"instock","13":"shipping-taxable","14":"purchasable","15":"product-type-simple"},"_links":{"self":[{"href":"https:\/\/dienhoabinhthuan.com\/index.php?rest_route=\/wp\/v2\/product\/886","targetHints":{"allow":["GET"]}}],"collection":[{"href":"https:\/\/dienhoabinhthuan.com\/index.php?rest_route=\/wp\/v2\/product"}],"about":[{"href":"https:\/\/dienhoabinhthuan.com\/index.php?rest_route=\/wp\/v2\/types\/product"}],"replies":[{"embeddable":true,"href":"https:\/\/dienhoabinhthuan.com\/index.php?rest_route=%2Fwp%2Fv2%2Fcomments&post=886"}],"wp:featuredmedia":[{"embeddable":true,"href":"https:\/\/dienhoabinhthuan.com\/index.php?rest_route=\/wp\/v2\/media\/887"}],"wp:attachment":[{"href":"https:\/\/dienhoabinhthuan.com\/index.php?rest_route=%2Fwp%2Fv2%2Fmedia&parent=886"}],"wp:term":[{"taxonomy":"product_brand","embeddable":true,"href":"https:\/\/dienhoabinhthuan.com\/index.php?rest_route=%2Fwp%2Fv2%2Fproduct_brand&post=886"},{"taxonomy":"product_cat","embeddable":true,"href":"https:\/\/dienhoabinhthuan.com\/index.php?rest_route=%2Fwp%2Fv2%2Fproduct_cat&post=886"},{"taxonomy":"product_tag","embeddable":true,"href":"https:\/\/dienhoabinhthuan.com\/index.php?rest_route=%2Fwp%2Fv2%2Fproduct_tag&post=886"}],"curies":[{"name":"wp","href":"https:\/\/api.w.org\/{rel}","templated":true}]}}