{"id":895,"date":"2021-05-20T09:23:10","date_gmt":"2021-05-20T09:23:10","guid":{"rendered":"https:\/\/dienhoabinhthuan.com\/?post_type=product&#038;p=895"},"modified":"2021-05-20T09:23:10","modified_gmt":"2021-05-20T09:23:10","slug":"dai-cat-dai-loi","status":"publish","type":"product","link":"https:\/\/dienhoabinhthuan.com\/?product=dai-cat-dai-loi","title":{"rendered":"\u0110\u1ea1i C\u00e1t \u0110\u1ea1i L\u1ee3i"},"content":{"rendered":"<p>\u0110\u1ea1i C\u00e1t \u0110\u1ea1i L\u1ee3i<\/p>\n<p><img loading=\"lazy\" decoding=\"async\" class=\"alignnone  wp-image-896\" src=\"http:\/\/dienhoabinhthuan.com\/wp-content\/uploads\/2021\/05\/dffaddsa-243x300.jpg\" alt=\"\" width=\"243\" height=\"300\" srcset=\"https:\/\/dienhoabinhthuan.com\/wp-content\/uploads\/2021\/05\/dffaddsa-243x300.jpg 243w, https:\/\/dienhoabinhthuan.com\/wp-content\/uploads\/2021\/05\/dffaddsa-510x629.jpg 510w, https:\/\/dienhoabinhthuan.com\/wp-content\/uploads\/2021\/05\/dffaddsa.jpg 527w\" sizes=\"auto, (max-width: 243px) 100vw, 243px\" \/><\/p>\n<p>\u0110\u1ea1i C\u00e1t \u0110\u1ea1i L\u1ee3i -Dich vu dien hoa trong nuoc va quoc te, \u0110\u1eb7t hoa khai truong c\u00f4ng ty, hoa khai tr\u01b0\u01a1ng \u0111\u1eb9p, \u0110\u1eb7t mua k\u1ec7 hoa khai tr\u01b0\u01a1ng. Hoa Ch\u00fac m\u1eebng \u0111\u1eb9p l\u00e0 s\u1ef1 k\u1ebft h\u1ee3p h\u00e0i h\u00f2a gi\u1eefa m\u00e0u s\u1eafc v\u00e0 lo\u00e0i hoa. M\u00e0u hoa, s\u1eafc l\u00e1 h\u00f2a quy\u1ec7n v\u00e0o nhau t\u1ea1o n\u00ean m\u1ed9t h\u1ed9p hoa mang v\u1ebb \u0111\u1eb9p v\u1eeba sang tr\u1ecdng, &#8230;<\/p>\n","protected":false},"excerpt":{"rendered":"<p>\u0110\u1ea1i C\u00e1t \u0110\u1ea1i L\u1ee3i \u0110\u1ea1i C\u00e1t \u0110\u1ea1i L\u1ee3i -Dich vu dien hoa trong nuoc va quoc te, \u0110\u1eb7t hoa khai truong c\u00f4ng ty, hoa khai tr\u01b0\u01a1ng \u0111\u1eb9p, \u0110\u1eb7t mua k\u1ec7 hoa khai tr\u01b0\u01a1ng. Hoa Ch\u00fac m\u1eebng \u0111\u1eb9p l\u00e0 s\u1ef1 k\u1ebft h\u1ee3p h\u00e0i h\u00f2a gi\u1eefa m\u00e0u s\u1eafc v\u00e0 lo\u00e0i hoa. M\u00e0u hoa, s\u1eafc l\u00e1 h\u00f2a quy\u1ec7n &#8230;<\/p>\n","protected":false},"featured_media":896,"comment_status":"open","ping_status":"closed","template":"","meta":{"_bbp_topic_count":0,"_bbp_reply_count":0,"_bbp_total_topic_count":0,"_bbp_total_reply_count":0,"_bbp_voice_count":0,"_bbp_anonymous_reply_count":0,"_bbp_topic_count_hidden":0,"_bbp_reply_count_hidden":0,"_bbp_forum_subforum_count":0},"product_brand":[],"product_cat":[250],"product_tag":[271,258,272],"class_list":{"0":"post-895","1":"product","2":"type-product","3":"status-publish","4":"has-post-thumbnail","6":"product_cat-hoa-khai-truong","7":"product_tag-dat-hoa-tang-le","8":"product_tag-hoa-chuc-mung","9":"product_tag-shop-ban-hoa-tang-le","11":"first","12":"instock","13":"shipping-taxable","14":"purchasable","15":"product-type-simple"},"_links":{"self":[{"href":"https:\/\/dienhoabinhthuan.com\/index.php?rest_route=\/wp\/v2\/product\/895","targetHints":{"allow":["GET"]}}],"collection":[{"href":"https:\/\/dienhoabinhthuan.com\/index.php?rest_route=\/wp\/v2\/product"}],"about":[{"href":"https:\/\/dienhoabinhthuan.com\/index.php?rest_route=\/wp\/v2\/types\/product"}],"replies":[{"embeddable":true,"href":"https:\/\/dienhoabinhthuan.com\/index.php?rest_route=%2Fwp%2Fv2%2Fcomments&post=895"}],"wp:featuredmedia":[{"embeddable":true,"href":"https:\/\/dienhoabinhthuan.com\/index.php?rest_route=\/wp\/v2\/media\/896"}],"wp:attachment":[{"href":"https:\/\/dienhoabinhthuan.com\/index.php?rest_route=%2Fwp%2Fv2%2Fmedia&parent=895"}],"wp:term":[{"taxonomy":"product_brand","embeddable":true,"href":"https:\/\/dienhoabinhthuan.com\/index.php?rest_route=%2Fwp%2Fv2%2Fproduct_brand&post=895"},{"taxonomy":"product_cat","embeddable":true,"href":"https:\/\/dienhoabinhthuan.com\/index.php?rest_route=%2Fwp%2Fv2%2Fproduct_cat&post=895"},{"taxonomy":"product_tag","embeddable":true,"href":"https:\/\/dienhoabinhthuan.com\/index.php?rest_route=%2Fwp%2Fv2%2Fproduct_tag&post=895"}],"curies":[{"name":"wp","href":"https:\/\/api.w.org\/{rel}","templated":true}]}}